24. Let h = 6 - o. List the prime factors of r(h).
7
Let f = -31 + 63. What are the prime factors of f?
2
Suppose 5*q - 14 + 4 = 0. Suppose -2*y = u - 2, q*y - 4*y = -3*u - 18. Let x(l) = 4*l - 4. What are the prime factors of x(y)?
2
Suppose 0*a + 110 = a. Suppose -4*b - a = -5*u, 14 = u + 3*b - 8. List the prime factors of u.
2, 11
Let y(g) be the second derivative of g**4/12 - g**3/6 + 3*g. List the prime factors of y(3).
2, 3
Let f = 7 + 1. Suppose m = -3*k + f, 0 = 2*m - m + k. Let o = m + 16. What are the prime factors of o?
2, 3
Let r(n) = n**3 - 16*n**2 - 10*n - 4. Let s be r(17). Let y = s + -73. What are the prime factors of y?
2, 3, 7
Suppose -1 - 5 = -3*b. Let n = b + 2. List the prime factors of n.
2
Let q(v) = v - 1. Let d be q(4). Suppose -d*m + 60 = m. List the prime factors of m.
3, 5
Let v(k) = k + 3. Suppose 2*o + o = -6, -11 = 3*q + o. Let u be v(q). Suppose -h + 0 + 8 = u. What are the prime factors of h?
2
Let h = 68 - -208. List the prime factors of h.
2, 3, 23
Let m be (-2 + 0)*(-115)/10. Suppose -2*v = 4*o - 0*o + 46, o + 3*v = -9. Let r = m + o. List the prime factors of r.
11
Let u(s) = 2*s**3 - 24*s**2 + s - 18. Let g(a) = -a**3 + 12*a**2 + 9. Let v(b) = 5*g(b) + 3*u(b). What are the prime factors of v(12)?
3
Let s be 2/(2 - (-257)/(-129)). What are the prime factors of (s/9)/(8/12)?
43
Let p = -11 - -17. Let a = p + -4. Suppose 0 = -a*j + 4 + 20. List the prime factors of j.
2, 3
Let q(j) be the first derivative of j**5/20 - j**4/12 + 2*j**2 + 2*j - 3. Let c(v) be the first derivative of q(v). List the prime factors of c(0).
2
List the prime factors of (-34)/153 - 596/(-9).
2, 3, 11
Let w = 89 + -40. What are the prime factors of w?
7
Suppose -5*p - 141 = -4*l + 47, 0 = 4*l + 4*p - 152. What are the prime factors of l?
2, 3, 7
Let k = 3 - 4. Let m = 12 + k. What are the prime factors of m?
11
Suppose 0 = 6*h - 4*h - 52. List the prime factors of h.
2, 13
Let r = -287 - -503. List the prime factors of r.
2, 3
Suppose 4*m - 2*k + 4*k - 162 = 0, -2*k - 139 = -3*m. List the prime factors of m.
43
Let f = -2 + 0. What are the prime factors of 39/3 - 4/f?
3, 5
Suppose 0*p = -p + 3*z - 11, 4*p - 4*z + 4 = 0. Suppose -5*d - 10 = p*r - 4*d, -2*r = -d + 2. Let o(a) = -4*a + 2. List the prime factors of o(r).
2, 5
Suppose -1 = -w + 1. What are the prime factors of w?
2
Let n = 577 + -260. List the prime factors of n.
317
Let n = -266 - -421. List the prime factors of n.
5, 31
Let o(a) = a**2 - 4*a - 7. Let g be o(6). Suppose 4*t - 20 = -2*y, -y = -0*t + g*t - 25. Let z = y + 11. What are the prime factors of z?
11
Suppose 0 = -3*h + r + 450, r = 3*r - 6. What are the prime factors of h?
151
Let c(b) = b**2 - 3. Suppose -3*t = 5*i + 7, -5*t - 23 + 1 = -2*i. What are the prime factors of c(t)?
13
Suppose 12 = 3*k + 3*s, 0*s + 3*s - 14 = -5*k. Let o = 3 - k. Suppose -i + o*i - 2 = 0. What are the prime factors of i?
2
Suppose -m + 2*f = 4*m - 26, f + 15 = 3*m. Suppose m*d = 87 - 11. List the prime factors of d.
19
Let i(u) = u**3 + 3*u**2 - 6*u - 5. Let c be i(-4). Suppose 0 = -v - 4, c*t = 3*v - 6*v. Suppose -2*p + t*p = 24. List the prime factors of p.
2, 3
Let b be 1*-8*(-3)/4. Let k = 3 + -3. Suppose -4*g + b + 18 = k. List the prime factors of g.
2, 3
Let w = -3 - -7. Suppose 15 = -r + w*r. List the prime factors of r.
5
Suppose -18 = -0*l - l. Suppose x + 2*q - l = 0, -77 = x - 6*x + 3*q. List the prime factors of x.
2
Let c be 290/35 + (-2)/7. Let p = c - 5. Suppose 0*y + 13 = 2*y - 5*r, 3*r = -p. List the prime factors of y.
2
Let o(i) = i**3 - 7*i**2 + 8*i - 2. List the prime factors of o(6).
2, 5
Suppose -2*i + 848 = 6*i. List the prime factors of i.
2, 53
Suppose -4*l - 24 = -4*o, -8 = -o - 2*o - 2*l. Let d be ((-2)/o)/(1/(-10)). Suppose 0 = -3*g, 2*t - 19 = -d*g + 3. List the prime factors of t.
11
Let u(d) = -d**3 - 6*d**2 - d - 3. Let m be u(-6). Let j(z) = z**2 + z - 2*z + 2*z**m + 0*z**2. List the prime factors of j(1).
2
Let v be 16/20*(-10)/(-4). Suppose 0 = w - 2*k - 34, w = -4*w - v*k + 146. What are the prime factors of w?
2, 3, 5
Let n = 66 + -37. Suppose 4*w = 3 + n. List the prime factors of w.
2
Let f(t) be the third derivative of -t**4/24 + t**3/3 - 2*t**2. List the prime factors of f(-3).
5
List the prime factors of ((-38)/1)/(3/(-3)).
2, 19
Let l(w) = 3*w**2 - 2*w**3 + 0 - 2 + 3*w**3 - w. List the prime factors of l(2).
2
Let w(b) = 2*b - 3. List the prime factors of w(6).
3
Suppose -3*i - 325 = -4*k + 333, -2*k = 5*i - 316. List the prime factors of k.
163
Suppose 2*i = 277 - 57. What are the prime factors of i?
2, 5, 11
Let k = 46 + 3. List the prime factors of k.
7
Let k(y) = 2*y - 4. Let r be k(8). Suppose m = -m + r. List the prime factors of m.
2, 3
Suppose 4*l - 161 = -o + 70, -5*l + 288 = 2*o. List the prime factors of l.
2, 29
Suppose i - 2*i + 5 = 0. Suppose 0 = 2*u - 4*a + 18, 12 = -3*u + i*a - 4*a. What are the prime factors of ((-6)/(-9))/((-1)/u)?
2
Suppose 2*w - 39 = -4*x + 7, 4*w + 5*x = 104. What are the prime factors of w?
31
List the prime factors of -1*(-3 + 2)*29.
29
Let f be 24 - (1 + 3)*1. List the prime factors of f - (-2 - (2 + 0)).
2, 3
Suppose 0 = -p + 4*d - 6*d - 18, 5*d = -2*p - 39. Let i(b) = 2*b - 2. Let a be i(-2). Let o = a - p. List the prime factors of o.
2, 3
Suppose 3*d = -3*k - 144, -3*k + 5*k + d = -93. Let r = 71 + k. List the prime factors of r.
2, 13
Let b be (-1*7)/(3/(-6)). Suppose 0 = 5*z + 4 - b. Suppose 12 + 4 = z*y. List the prime factors of y.
2
Suppose v + 76 = 3*v - 2*h, h = -4*v + 132. What are the prime factors of v?
2, 17
Let m = 40 - 8. What are the prime factors of m?
2
Suppose -3*w = -3*z - 27, z - 36 = -4*w - 4*z. Let h = w - -6. List the prime factors of h.
3, 5
Suppose 5 = -2*l - 1. List the prime factors of (2 + 19)*l/(-3).
3, 7
Let x(k) = -k + 3. Let b be x(-4). Let u = 18 - b. Let p(f) = f**3 - 10*f**2 - 9*f - 14. What are the prime factors of p(u)?
2
List the prime factors of (-1 - -3) + 2 + 2.
2, 3
Suppose -9*o = -1591 + 124. What are the prime factors of o?
163
Let f(n) be the third derivative of n**5/60 - n**4/24 - n**3/3 - 2*n**2. Let r be f(-2). Suppose -r*k + 6 = -2*k. List the prime factors of k.
3
Let x(q) = q - 6. Let j be x(6). Let r be (-2 + j)/(1/5). What are the prime factors of ((-12)/r)/(4/30)?
3
Let q = -12 + 10. List the prime factors of -3 + 1 + q + 53.
7
Let t = 14 + -4. What are the prime factors of (-96)/t*90/(-27)?
2
Let u be 1/(-2) - (-5)/(-10). Let b = 10 + u. What are the prime factors of b?
3
Let t = 32 + 14. What are the prime factors of t?
2, 23
Suppose -13 = -c + 1. What are the prime factors of c?
2, 7
Let l be (1 - -1)/(-2) - -139. Let g = l + -93. List the prime factors of g.
3, 5
Let z = -3 + 6. Suppose 4*r - z = 21. What are the prime factors of r?
2, 3
Suppose 0 = 2*m - 8. What are the prime factors of m?
2
Suppose -3*b - b + 3 = -5*d, 2*d - 8 = -3*b. Let x be 6/(-9) - d/3. What are the prime factors of x/4 + (-45)/(-4)?
11
Suppose -z - 3*i - 17 = 0, 0 = -0*z + 4*z + 4*i + 36. What are the prime factors of (-8)/((-2)/z*-1)?
2, 5
Let g(r) = r**3 - 3*r**2 - 4*r - 2. Let a be g(4). Let h be (-1)/a - (-254)/4. List the prime factors of h/6 - 8/12.
2, 5
Suppose -5*z + 6 = -4*h, z - 2*h = -6*h + 6. Let x = 2 - -1. Suppose z*n - 37 = -3*u, 8*u - x*u - 3 = 2*n. What are the prime factors of n?
11
Let i be (0 - 1)/((-2)/(-18)). Let d = -5 - i. List the prime factors of d.
2
Suppose -5*q = -5*x + 35, 2*x - 10 = q + 2. Suppose -c = -x*t - 0*c + 33, -5*t + 31 = -2*c. Let s = 17 - t. What are the prime factors of s?
2, 5
Let d(h) = h + 6. What are the prime factors of d(10)?
2
Suppose 5*d = 167 + 68. What are the prime factors of d?
47
Let v(m) = 12*m - 1. Let j(o) = -o + 9. Let a be j(7). List the prime factors of v(a).
23
Let c(r) = -41*r**2 + 40*r**2 - 3 - 9*r + 1 - 4. Let i be (-2 + -1)*(-7)/(-3). List the prime factors of c(i).
2
Let h = 25 - 12. What are the prime factors of h?
13
Suppose -6*v + 40 = -v. Suppose 3*l - 2*o - 4 = 0, -o + 0*o + 4 = 0. Suppose -l*a + 2 - v = g, -52 = -4*g + 3*a. What are the prime factors of g?
2, 5
Let a = -80 + 137. List the prime factors of a.
3, 19
Let s = 6 + -6. Suppose s = q + q - 36. What are the prime factors of q?
2, 3
Suppose -l - 2*l + 6 = 0. Suppose 6*i = i + m - 